reatest common factor of 22983327 and 333.
333
What is the highest common divisor of 396625 and 27125?
125
Calculate the greatest common factor of 4833598 and 3080.
154
Calculate the greatest common factor of 163897679 and 74.
37
What is the greatest common factor of 1168 and 138911189?
73
What is the highest common divisor of 1098 and 6290019?
9
What is the highest common divisor of 1456 and 2714180?
28
Calculate the highest common factor of 39589983 and 27.
9
Calculate the highest common factor of 212720 and 1420.
20
What is the highest common factor of 576 and 121076964?
36
What is the highest common factor of 97227 and 11687461?
277
Calculate the greatest common divisor of 4824 and 663501.
201
What is the greatest common divisor of 31960 and 1288?
8
Calculate the greatest common divisor of 210 and 45429195.
105
Calculate the highest common factor of 19920 and 1650.
30
What is the highest common factor of 79 and 279290517?
79
Calculate the greatest common factor of 16780 and 7874015.
4195
Calculate the highest common factor of 221 and 88684427.
221
What is the greatest common divisor of 28480 and 1680640?
320
What is the greatest common divisor of 8036 and 373264?
164
What is the greatest common divisor of 6795 and 17954655?
2265
What is the greatest common divisor of 23699970 and 5985?
315
Calculate the highest common factor of 2175288 and 164964.
2796
Calculate the highest common factor of 617577396 and 36.
12
Calculate the highest common divisor of 22900 and 5589890.
2290
Calculate the greatest common divisor of 28 and 502082.
14
Calculate the greatest common divisor of 25531 and 85786481.
2321
Calculate the greatest common divisor of 84469 and 100331.
77
Calculate the greatest common factor of 296080 and 475.
5
What is the highest common factor of 1043344668 and 27624?
13812
What is the greatest common divisor of 39020 and 13460?
20
Calculate the greatest common factor of 42273 and 1212.
3
Calculate the highest common divisor of 300 and 84408.
12
What is the highest common divisor of 18939 and 6941839?
107
Calculate the greatest common factor of 219336 and 319680.
888
Calculate the greatest common factor of 259692 and 408432.
804
What is the highest common divisor of 20708333 and 1313?
101
What is the highest common divisor of 287725 and 14425?
25
Calculate the greatest common factor of 108 and 71498943.
27
What is the greatest common divisor of 6853777 and 49?
49
Calculate the highest common factor of 82445542 and 12796.
914
What is the greatest common divisor of 30929 and 102440?
197
What is the greatest common factor of 5 and 1302861865?
5
What is the greatest common divisor of 799742788 and 1222?
1222
What is the greatest common divisor of 13154528 and 183793?
1403
What is the greatest common factor of 7088 and 55288?
8
What is the highest common divisor of 313480 and 370940?
340
What is the greatest common divisor of 21226709 and 8095?
1619
What is the highest common factor of 32 and 560784016?
16
What is the greatest common divisor of 17826687 and 9?
9
What is the greatest common factor of 14528 and 107434560?
14528
Calculate the highest common factor of 42 and 6350932.
14
What is the greatest common factor of 23808 and 24096?
96
Calculate the highest common divisor of 153 and 19045066.
17
What is the highest common factor of 267329 and 143451?
23
What is the greatest common divisor of 38322505 and 355895?
6715
Calculate the greatest common divisor of 48 and 2230507472.
16
What is the greatest common factor of 3326 and 50096?
2
What is the highest common factor of 101237 and 68809?
67
Calculate the greatest common factor of 10675 and 1553853.
427
Calculate the highest common factor of 405 and 817395.
15
Calculate the greatest common factor of 26514110 and 94.
94
What is the greatest common factor of 1898 and 12129?
13
Calculate the greatest common factor of 3380 and 817660.
20
Calculate the greatest common factor of 462387 and 14457.
237
Calculate the greatest common divisor of 188378 and 1051406.
262
What is the greatest common divisor of 31420 and 1035?
5
Calculate the highest common divisor of 7619 and 1141387.
19
Calculate the highest common divisor of 724944 and 22352.
176
Calculate the greatest common factor of 11 and 14666894.
11
Calculate the highest common divisor of 28337 and 6375166.
659
Calculate the greatest common divisor of 9977 and 856.
1
What is the greatest common divisor of 2048 and 1405952?
1024
Calculate the greatest common factor of 376374966 and 3102.
3102
Calculate the greatest common divisor of 168 and 48267352.
56
Calculate the greatest common factor of 38291343 and 12912.
807
Calculate the greatest common factor of 2544 and 750550384.
848
What is the highest common factor of 110504823 and 363?
363
Calculate the highest common factor of 311161176 and 81.
81
What is the greatest common divisor of 747769 and 286?
11
Calculate the greatest common factor of 1270 and 4478528.
254
What is the highest common factor of 138 and 3130194?
6
What is the greatest common divisor of 4155959 and 1533462?
1259
What is the highest common divisor of 1836 and 4355910?
918
Calculate the highest common divisor of 386 and 252777697.
193
What is the greatest common factor of 244287059 and 799?
799
What is the highest common factor of 282 and 5139262?
94
What is the highest common divisor of 9452 and 56236?
68
What is the greatest common divisor of 669 and 70470?
3
What is the highest common factor of 624 and 8750508?
156
Calculate the greatest common divisor of 774628 and 7254.
62
What is the greatest common divisor of 3139574 and 2?
2
Calculate the highest common factor of 865 and 7184517.
173
Calculate the greatest common divisor of 1048 and 1706668.
524
Calculate the greatest common divisor of 706 and 92731688.
706
What is the highest common divisor of 14304392 and 279?
31
Calculate the greatest common factor of 360534286 and 16786.
1526
What is the greatest common factor of 136542018 and 67564?
4826
What is the greatest common factor of 461835 and 112860?
1485
What is the greatest common factor of 3406800 and 3672?
408
Calculate the greatest common divisor of 2253 and 861.
3
Calculate the greatest common divisor of 236190088 and 428.
428
Calculate the highest common divisor of 33728 and 324960848.
8432
What is the highest common divisor of 1476540 and 125775?
585
Calculate the greatest common factor of 161856 and 144576.
576
Calculate the highest common factor of 405 and 20173320.
135
Calculate the highest common factor of 134088 and 21386.
74
Calculate the greatest common divisor of 4916 and 78013233.
1229
What is the highest common factor of 80 and 407360560?
80
What is the greatest common factor of 325791 and 49859?
683
What is the highest common factor of 466304787 and 1053?
117
What is the highest common divisor of 54115 and 744595?
685
What is the greatest common divisor of 1643 and 135154823?
1643
Calculate the greatest common divisor of 277425 and 19073825.
3425
What is the highest common divisor of 127676 and 90860?
236
What is the greatest common divisor of 13728 and 4981878?
66
What is the greatest common divisor of 43991771 and 73?
73
What is the greatest common factor of 53343590 and 4465?
235
Calculate the greatest common factor of 248232 and 82572.
12
Calculate the greatest common factor of 1541976 and 132599.
1367
Calculate the highest common factor of 333 and 11638313.
37
What is the highest common divisor of 11262012 and 80562?
2778
Calculate the highest common factor of 500923739 and 263.
263
Calculate the highest common factor of 5940 and 3070.
10
Calculate the greatest common factor of 628441005 and 995.
995
Calculate the greatest common factor of 361086 and 6578.
22
What is the highest common factor of 3381857 and 136678?
1847
Calculate the highest common factor of 56863765 and 49.
49
What is the greatest common divisor of 476 and 1794724?
68
Calculate the highest common factor of 51670 and 10900.
10
What is the greatest common factor of 112 and 5994058?
14
What is the greatest common factor of 2607904 and 260?
52
Calculate the highest common divisor of 460 and 1411565.
5
What is the greatest common divisor of 79 and 22228309?
79
Calculate the greatest common factor of 10963553 and 18011.
2573
What